{"id":911,"date":"2024-08-22T14:30:43","date_gmt":"2024-08-22T17:30:43","guid":{"rendered":"https:\/\/studiodibea.com.br\/?post_type=evento&#038;p=911"},"modified":"2025-09-17T14:58:09","modified_gmt":"2025-09-17T17:58:09","slug":"lartigiano-in-fiera","status":"publish","type":"evento","link":"https:\/\/studiodibea.com.br\/es\/evento\/lartigiano-in-fiera\/","title":{"rendered":"L\u2019ARTIGIANO IN FIERA"},"content":{"rendered":"<p><strong>L\u2019ARTIGIANO IN FIERA 2025 \u2013 Onde a arte e o neg\u00f3cio se encontram<\/strong><\/p>\n<p>O mundo est\u00e1 redescobrindo o valor do artesanal: autenticidade, identidade cultural e sustentabilidade. Em Mil\u00e3o, a <strong data-start=\"319\" data-end=\"343\">L\u2019Artigiano in Fiera<\/strong> \u00e9 a feira internacional que conecta tradi\u00e7\u00e3o e inova\u00e7\u00e3o, reunindo mais de 3.000 expositores de 100 pa\u00edses em um s\u00f3 lugar.<\/p>\n<p>Muitas empresas acreditam que artesanato n\u00e3o \u00e9 \u201cneg\u00f3cio de grande escala\u201d e deixam de enxergar que o mercado europeu busca exatamente produtos com hist\u00f3ria, prop\u00f3sito e exclusividade. Resultado: perdem espa\u00e7o para concorrentes menores, mas mais preparados.<\/p>\n<p>A feira n\u00e3o \u00e9 apenas um evento de exposi\u00e7\u00e3o, mas um ecossistema de <strong data-start=\"836\" data-end=\"893\">vendas, relacionamento e posicionamento internacional<\/strong>. Nela, o p\u00fablico tem contato direto com marcas e produtos, criando conex\u00f5es emocionais que fortalecem a percep\u00e7\u00e3o de valor. Al\u00e9m disso, compradores e distribuidores visitam a feira em busca de novidades para o varejo europeu \u2014 e quem n\u00e3o estiver presente, dificilmente ser\u00e1 visto.<\/p>\n<p data-start=\"1178\" data-end=\"1556\">Participar da <strong data-start=\"1224\" data-end=\"1248\">L\u2019Artigiano in Fiera<\/strong> \u00e9 abrir portas para o mercado europeu e destacar sua marca em um dos maiores palcos mundiais de artesanato e lifestyle. O <strong data-start=\"1371\" data-end=\"1387\">Studio Dibea<\/strong> cuida de todo o processo: da curadoria at\u00e9 a prepara\u00e7\u00e3o da sua empresa para brilhar em Mil\u00e3o, transformando sua presen\u00e7a na feira em resultados concretos de neg\u00f3cios.<\/p>\n<p data-start=\"1558\" data-end=\"1730\">\ud83d\udc49 Quer levar sua marca para o maior encontro internacional de artes\u00e3os e compradores em Mil\u00e3o? Fale com a gente e descubra como transformar sua arte em neg\u00f3cios globais.<\/p>","protected":false},"excerpt":{"rendered":"<p>L\u2019ARTIGIANO IN FIERA 2025 \u2013 Onde a arte e o neg\u00f3cio se encontram O mundo est\u00e1 redescobrindo o valor do artesanal: autenticidade, identidade cultural e sustentabilidade. Em Mil\u00e3o, a L\u2019Artigiano in Fiera \u00e9 a feira internacional que conecta tradi\u00e7\u00e3o e inova\u00e7\u00e3o, reunindo mais de 3.000 expositores de 100 pa\u00edses em um s\u00f3 lugar. Muitas empresas [&hellip;]<\/p>","protected":false},"author":4,"featured_media":912,"template":"","meta":{"_acf_changed":false,"_monsterinsights_skip_tracking":false,"_monsterinsights_sitenote_active":false,"_monsterinsights_sitenote_note":"","_monsterinsights_sitenote_category":0,"_joinchat":[],"footnotes":""},"tema":[174,171,185,183,176,187,175,172,178,186,177,182,173,180,179,181,184,188,118],"class_list":["post-911","evento","type-evento","status-publish","has-post-thumbnail","hentry","tema-artesanato-brasileiro-na-europa","tema-artesanato-internacional","tema-artesanato-sustentavel","tema-consultoria-exportacao-artesanato","tema-design-artesanal","tema-expansao-internacional-de-marcas","tema-exportacao-de-artesanato","tema-feira-de-negocios-milao","tema-feira-internacional-de-artesanato","tema-feira-milao-2026","tema-handmade-fair-italy","tema-internacionalizacao-de-artesaos","tema-lartigiano-in-fiera","tema-lifestyle-artesanal","tema-mercado-europeu-de-artesanato","tema-negocios-criativos-internacionais","tema-oportunidades-de-negocios-italia","tema-produtos-artesanais-exclusivos","tema-studio-dibea"],"acf":[],"_links":{"self":[{"href":"https:\/\/studiodibea.com.br\/es\/wp-json\/wp\/v2\/evento\/911","targetHints":{"allow":["GET"]}}],"collection":[{"href":"https:\/\/studiodibea.com.br\/es\/wp-json\/wp\/v2\/evento"}],"about":[{"href":"https:\/\/studiodibea.com.br\/es\/wp-json\/wp\/v2\/types\/evento"}],"author":[{"embeddable":true,"href":"https:\/\/studiodibea.com.br\/es\/wp-json\/wp\/v2\/users\/4"}],"version-history":[{"count":5,"href":"https:\/\/studiodibea.com.br\/es\/wp-json\/wp\/v2\/evento\/911\/revisions"}],"predecessor-version":[{"id":6249,"href":"https:\/\/studiodibea.com.br\/es\/wp-json\/wp\/v2\/evento\/911\/revisions\/6249"}],"wp:featuredmedia":[{"embeddable":true,"href":"https:\/\/studiodibea.com.br\/es\/wp-json\/wp\/v2\/media\/912"}],"wp:attachment":[{"href":"https:\/\/studiodibea.com.br\/es\/wp-json\/wp\/v2\/media?parent=911"}],"wp:term":[{"taxonomy":"tema","embeddable":true,"href":"https:\/\/studiodibea.com.br\/es\/wp-json\/wp\/v2\/tema?post=911"}],"curies":[{"name":"wp","href":"https:\/\/api.w.org\/{rel}","templated":true}]}}

<p><strong>L’ARTIGIANO IN FIERA 2025 – Onde a arte e o negócio se encontram</strong></p>
<p>O mundo está redescobrindo o valor do artesanal: autenticidade, identidade cultural e sustentabilidade. Em Milão, a <strong data-start="319" data-end="343">L’Artigiano in Fiera</strong> é a feira internacional que conecta tradição e inovação, reunindo mais de 3.000 expositores de 100 países em um só lugar.</p>
<p>Muitas empresas acreditam que artesanato não é “negócio de grande escala” e deixam de enxergar que o mercado europeu busca exatamente produtos com história, propósito e exclusividade. Resultado: perdem espaço para concorrentes menores, mas mais preparados.</p>
<p>A feira não é apenas um evento de exposição, mas um ecossistema de <strong data-start="836" data-end="893">vendas, relacionamento e posicionamento internacional</strong>. Nela, o público tem contato direto com marcas e produtos, criando conexões emocionais que fortalecem a percepção de valor. Além disso, compradores e distribuidores visitam a feira em busca de novidades para o varejo europeu — e quem não estiver presente, dificilmente será visto.</p>
<p data-start="1178" data-end="1556">Participar da <strong data-start="1224" data-end="1248">L’Artigiano in Fiera</strong> é abrir portas para o mercado europeu e destacar sua marca em um dos maiores palcos mundiais de artesanato e lifestyle. O <strong data-start="1371" data-end="1387">Studio Dibea</strong> cuida de todo o processo: da curadoria até a preparação da sua empresa para brilhar em Milão, transformando sua presença na feira em resultados concretos de negócios.</p>
<p data-start="1558" data-end="1730">👉 Quer levar sua marca para o maior encontro internacional de artesãos e compradores em Milão? Fale com a gente e descubra como transformar sua arte em negócios globais.</p>

<p>L’ARTIGIANO IN FIERA 2025 – Onde a arte e o negócio se encontram O mundo está redescobrindo o valor do artesanal: autenticidade, identidade cultural e sustentabilidade. Em Milão, a L’Artigiano in Fiera é a feira internacional que conecta tradição e inovação, reunindo mais de 3.000 expositores de 100 países em um só lugar. Muitas empresas [&hellip;]</p>
