{"id":917,"date":"2024-08-22T14:45:14","date_gmt":"2024-08-22T17:45:14","guid":{"rendered":"https:\/\/studiodibea.com.br\/?post_type=evento&#038;p=917"},"modified":"2025-09-17T14:45:19","modified_gmt":"2025-09-17T17:45:19","slug":"cosmoprof","status":"publish","type":"evento","link":"https:\/\/studiodibea.com.br\/es\/evento\/cosmoprof\/","title":{"rendered":"COSMOPROF"},"content":{"rendered":"<p>A <strong data-start=\"118\" data-end=\"149\">COSMOPROF Worldwide Bologna<\/strong> \u00e9 a maior feira de beleza profissional do mundo: re\u00fane mais de <strong data-start=\"213\" data-end=\"249\">250 mil visitantes de 150 pa\u00edses<\/strong>, 3.000 expositores e os principais compradores do setor de <strong data-start=\"309\" data-end=\"375\">cosm\u00e9ticos, est\u00e9tica, cabelos, perfumaria e beleza sustent\u00e1vel<\/strong>. N\u00e3o \u00e9 apenas uma feira \u2014 \u00e9 o lugar onde tend\u00eancias globais nascem e neg\u00f3cios milion\u00e1rios s\u00e3o fechados tem sido o evento de refer\u00eancia para empresas e profissionais de todos os setores da ind\u00fastria de cosm\u00e9ticos por mais de 50 anos.<\/p>\n<p>Sempre sin\u00f4nimo de inova\u00e7\u00e3o e excel\u00eancia, a Cosmoprof \u00e9 a plataforma ideal para maximizar os neg\u00f3cios, expandir a rede de contatos em todo o mundo e descobrir uma pr\u00e9via das tend\u00eancias do mercado.<\/p>\n<p>Muitas empresas brasileiras acreditam que basta ter um bom produto para conquistar o mercado europeu. S\u00f3 que na pr\u00e1tica, sem <strong data-start=\"628\" data-end=\"717\">planejamento estrat\u00e9gico, networking qualificado e adequa\u00e7\u00e3o \u00e0s normas internacionais<\/strong>, o investimento na feira vira custo \u2014 e n\u00e3o resultado.<\/p>\n<p data-start=\"796\" data-end=\"878\">Participar de uma feira como a COSMOPROF n\u00e3o \u00e9 s\u00f3 montar um estande. \u00c9 entender:<\/p>\n<ul data-start=\"879\" data-end=\"1205\">\n<li data-start=\"879\" data-end=\"956\">\n<p data-start=\"881\" data-end=\"956\">Como <strong data-start=\"886\" data-end=\"910\">posicionar sua marca<\/strong> para se destacar entre milhares de players.<\/p>\n<\/li>\n<li data-start=\"957\" data-end=\"1026\">\n<p data-start=\"959\" data-end=\"1026\">Quais <strong data-start=\"965\" data-end=\"1008\">certifica\u00e7\u00f5es e requisitos regulat\u00f3rios<\/strong> a Europa exige.<\/p>\n<\/li>\n<li data-start=\"1027\" data-end=\"1114\">\n<p data-start=\"1029\" data-end=\"1114\">Como <strong data-start=\"1034\" data-end=\"1065\">marcar reuni\u00f5es antecipadas<\/strong> com compradores e distribuidores estrat\u00e9gicos.<\/p>\n<\/li>\n<li data-start=\"1115\" data-end=\"1205\">\n<p data-start=\"1117\" data-end=\"1205\">E, principalmente, como transformar cada contato feito em <strong data-start=\"1175\" data-end=\"1202\">lead de exporta\u00e7\u00e3o real<\/strong>.<\/p>\n<p data-start=\"1234\" data-end=\"1500\">O <strong data-start=\"1236\" data-end=\"1252\">Studio Dibea<\/strong> prepara sua empresa para a COSMOPROF de forma completa: <em>curadoria de oportunidades, suporte regulat\u00f3rio, agendamento de reuni\u00f5es, tradu\u00e7\u00e3o, consultoria estrat\u00e9gica e acompanhamento durante a feira<\/em>. Assim, voc\u00ea n\u00e3o s\u00f3 exp\u00f5e \u2014 voc\u00ea fecha neg\u00f3cios.<\/p>\n<p data-start=\"1502\" data-end=\"1648\">\ud83d\udc49 <strong data-start=\"1505\" data-end=\"1646\">Se sua marca quer entrar no mercado europeu de cosm\u00e9ticos, a COSMOPROF \u00e9 o palco \u2014 e o Studio Dibea \u00e9 o parceiro para te colocar em cena.<\/strong><\/p>\n<\/li>\n<\/ul>","protected":false},"excerpt":{"rendered":"<p>A COSMOPROF Worldwide Bologna \u00e9 a maior feira de beleza profissional do mundo: re\u00fane mais de 250 mil visitantes de 150 pa\u00edses, 3.000 expositores e os principais compradores do setor de cosm\u00e9ticos, est\u00e9tica, cabelos, perfumaria e beleza sustent\u00e1vel. N\u00e3o \u00e9 apenas uma feira \u2014 \u00e9 o lugar onde tend\u00eancias globais nascem e neg\u00f3cios milion\u00e1rios s\u00e3o [&hellip;]<\/p>","protected":false},"author":4,"featured_media":918,"template":"","meta":{"_acf_changed":false,"_monsterinsights_skip_tracking":false,"_monsterinsights_sitenote_active":false,"_monsterinsights_sitenote_note":"","_monsterinsights_sitenote_category":0,"_joinchat":[],"footnotes":""},"tema":[20,144,143,141,148,94,135,147,139,136,137,107,146,130,142,138,106,114,118,145,140],"class_list":["post-917","evento","type-evento","status-publish","has-post-thumbnail","hentry","tema-beauty","tema-beauty-fair-europe","tema-bologna-italia","tema-certificacoes-cosmeticas","tema-compradores-internacionais","tema-consultoria-para-feiras-internacionais","tema-cosmoprof","tema-distribuidores-de-cosmeticos","tema-exportacao-de-cosmeticos","tema-feira-de-cosmeticos","tema-feira-internacional-de-beleza","tema-feiras-na-italia","tema-inovacao-em-beleza","tema-internacionalizacao-de-empresas","tema-internacionalizacao-para-italia","tema-mercado-europeu-de-cosmeticos","tema-networking-internacional","tema-oportunidades-de-exportacao","tema-studio-dibea","tema-sustentabilidade-em-cosmeticos","tema-tendencias-de-beleza"],"acf":[],"_links":{"self":[{"href":"https:\/\/studiodibea.com.br\/es\/wp-json\/wp\/v2\/evento\/917","targetHints":{"allow":["GET"]}}],"collection":[{"href":"https:\/\/studiodibea.com.br\/es\/wp-json\/wp\/v2\/evento"}],"about":[{"href":"https:\/\/studiodibea.com.br\/es\/wp-json\/wp\/v2\/types\/evento"}],"author":[{"embeddable":true,"href":"https:\/\/studiodibea.com.br\/es\/wp-json\/wp\/v2\/users\/4"}],"version-history":[{"count":5,"href":"https:\/\/studiodibea.com.br\/es\/wp-json\/wp\/v2\/evento\/917\/revisions"}],"predecessor-version":[{"id":6244,"href":"https:\/\/studiodibea.com.br\/es\/wp-json\/wp\/v2\/evento\/917\/revisions\/6244"}],"wp:featuredmedia":[{"embeddable":true,"href":"https:\/\/studiodibea.com.br\/es\/wp-json\/wp\/v2\/media\/918"}],"wp:attachment":[{"href":"https:\/\/studiodibea.com.br\/es\/wp-json\/wp\/v2\/media?parent=917"}],"wp:term":[{"taxonomy":"tema","embeddable":true,"href":"https:\/\/studiodibea.com.br\/es\/wp-json\/wp\/v2\/tema?post=917"}],"curies":[{"name":"wp","href":"https:\/\/api.w.org\/{rel}","templated":true}]}}

<p>A <strong data-start="118" data-end="149">COSMOPROF Worldwide Bologna</strong> é a maior feira de beleza profissional do mundo: reúne mais de <strong data-start="213" data-end="249">250 mil visitantes de 150 países</strong>, 3.000 expositores e os principais compradores do setor de <strong data-start="309" data-end="375">cosméticos, estética, cabelos, perfumaria e beleza sustentável</strong>. Não é apenas uma feira — é o lugar onde tendências globais nascem e negócios milionários são fechados tem sido o evento de referência para empresas e profissionais de todos os setores da indústria de cosméticos por mais de 50 anos.</p>
<p>Sempre sinônimo de inovação e excelência, a Cosmoprof é a plataforma ideal para maximizar os negócios, expandir a rede de contatos em todo o mundo e descobrir uma prévia das tendências do mercado.</p>
<p>Muitas empresas brasileiras acreditam que basta ter um bom produto para conquistar o mercado europeu. Só que na prática, sem <strong data-start="628" data-end="717">planejamento estratégico, networking qualificado e adequação às normas internacionais</strong>, o investimento na feira vira custo — e não resultado.</p>
<p data-start="796" data-end="878">Participar de uma feira como a COSMOPROF não é só montar um estande. É entender:</p>
<ul data-start="879" data-end="1205">
<li data-start="879" data-end="956">
<p data-start="881" data-end="956">Como <strong data-start="886" data-end="910">posicionar sua marca</strong> para se destacar entre milhares de players.</p>
</li>
<li data-start="957" data-end="1026">
<p data-start="959" data-end="1026">Quais <strong data-start="965" data-end="1008">certificações e requisitos regulatórios</strong> a Europa exige.</p>
</li>
<li data-start="1027" data-end="1114">
<p data-start="1029" data-end="1114">Como <strong data-start="1034" data-end="1065">marcar reuniões antecipadas</strong> com compradores e distribuidores estratégicos.</p>
</li>
<li data-start="1115" data-end="1205">
<p data-start="1117" data-end="1205">E, principalmente, como transformar cada contato feito em <strong data-start="1175" data-end="1202">lead de exportação real</strong>.</p>
<p data-start="1234" data-end="1500">O <strong data-start="1236" data-end="1252">Studio Dibea</strong> prepara sua empresa para a COSMOPROF de forma completa: <em>curadoria de oportunidades, suporte regulatório, agendamento de reuniões, tradução, consultoria estratégica e acompanhamento durante a feira</em>. Assim, você não só expõe — você fecha negócios.</p>
<p data-start="1502" data-end="1648">👉 <strong data-start="1505" data-end="1646">Se sua marca quer entrar no mercado europeu de cosméticos, a COSMOPROF é o palco — e o Studio Dibea é o parceiro para te colocar em cena.</strong></p>
</li>
</ul>

<p>A COSMOPROF Worldwide Bologna é a maior feira de beleza profissional do mundo: reúne mais de 250 mil visitantes de 150 países, 3.000 expositores e os principais compradores do setor de cosméticos, estética, cabelos, perfumaria e beleza sustentável. Não é apenas uma feira — é o lugar onde tendências globais nascem e negócios milionários são [&hellip;]</p>
